*h + 9. Let u be n(a). Calculate the highest common divisor of u and 3.
3
Let n be ((-2)/3)/(-2)*-3. Let w be (-5)/((-20)/12) + 39*n. Let a = 47 + w. What is the greatest common divisor of a and 55?
11
Let f = -3134 - -3155. Calculate the highest common factor of f and 33.
3
Suppose -4*h - 2*f + 2152 = 0, 3*h + h = -f + 2156. Suppose r = -h + 748. What is the highest common factor of 39 and r?
13
Suppose -5*f - 20 = -265. Suppose 4*q + 76 = 4*s, -4*s + s = -q - f. Let l(d) = 3*d - 18. Let y be l(11). Calculate the highest common divisor of y and s.
15
Let a(k) = -5*k**2 + 7*k - 7. Let h(c) = -2*c**2 - c. Let w(r) = -a(r) + 2*h(r). Let m be w(17). What is the highest common factor of m and 11?
11
Let h be 240/25*42/28*5. Let s(j) = 53*j + 1. Let y be s(1). What is the highest common divisor of h and y?
18
Let o be (-4)/(-4 + (3 - 3)). Let x be o - (497/21)/((-1)/6). Let k = 242 - x. Calculate the greatest common factor of 11 and k.
11
Suppose 2*w - f = 37 - 4, 38 = 2*w - 2*f. Suppose -4*i + 13 = -3. Calculate the greatest common factor of w and i.
2
Suppose -219*m = -4835 - 421. Let y be (-2 + 1)*(-84)/1. Calculate the greatest common divisor of y and m.
12
Let v be (-14)/(-4*(6 - (-53988)/(-9000))). What is the highest common divisor of 280 and v?
35
Suppose 0 = -2*t + 3*z + 1157, 14*t - 11*t = 2*z + 1718. Calculate the greatest common factor of 6 and t.
2
Suppose 12948*k = 12947*k + 890. Calculate the greatest common divisor of 110 and k.
10
Let l(t) = t**2 - 121*t - 3310. Let m be l(-25). What is the greatest common factor of m and 1972?
68
Let w(l) = -l**3 + 6*l**2 + 28*l + 26. Suppose 0 = -4*i + 4, 34 = 4*g + 8*i - 10*i. Let r be w(g). Calculate the highest common divisor of r and 595.
35
Suppose y + 38 = -j + 25, 4*y + 22 = 2*j. Let r be 154/8 - ((-26)/y - 3). Calculate the greatest common divisor of r and 247.
19
Let m be -1651*-5*((-506)/(-330) + 4/(-3)). Calculate the highest common factor of 13 and m.
13
Let u(y) = 11*y**2 + 75*y + 223. Let n be u(-4). Calculate the highest common factor of n and 261.
9
Let t(x) be the first derivative of -x**4/4 - 8*x**3/3 - x**2 - 2*x + 10. Let l be t(-7). Let z = 43 + l. Calculate the highest common divisor of 18 and z.
6
Suppose -185 - 53 = 14*x. Let g be (x/((-935)/198))/((-2)/(-10)). Calculate the highest common divisor of g and 144.
18
Suppose -176 = -3*d + 43*q - 45*q, -2*q + 296 = 5*d. What is the highest common factor of d and 9540?
60
Suppose -1085 = 7*r - 1113. Let j(i) = 11*i + 30. Let n be j(r). What is the greatest common divisor of n and 185?
37
Let r be (-2)/(-2)*10*2. Suppose -r = -3*q + 10. Let u = 31625 + -31619. Calculate the highest common divisor of u and q.
2
Let o(s) = -2*s**2 - 49*s + 1181. Let j be o(-38). Calculate the highest common factor of 403 and j.
31
Let t(m) = 58*m + 894. Let v be t(-12). Let q(g) = 2*g**2 + 8*g - 6. Let d be q(-7). What is the highest common divisor of d and v?
18
Suppose -9*d + 4*d = -4*x - 432, -108 = x + 5*d. Let z = x - -1652. Let b be 2/(-14) - (z/(-14))/2. Calculate the greatest common factor of b and 5.
5
Let b be (-1290)/(-36) + 4/24. Suppose -2*l + l = 2*t - b, 4*t = 0. Let o(g) = g + 24. Let c be o(12). What is the highest common factor of c and l?
36
Suppose -755 = -14*m + 85. What is the highest common factor of m and 30?
30
Suppose -4*o = f - 84, 3*f - 182 = 2*o - 42. Calculate the greatest common divisor of f and 3913.
13
Suppose 59*t + 1271 = 1979. What is the greatest common divisor of 636 and t?
12
Suppose 5 + 3 = n. Suppose -g + 0*v = v - 11, 0 = -5*g - 2*v + 61. Suppose 2*m - 5*h - 144 = 0, g*h = 10*h. What is the highest common divisor of m and n?
8
Let r(l) = 5*l + 3. Let s be r(3). Let x(p) = 33*p + 21. Let j be x(3). Let t = j - -6. Calculate the highest common factor of s and t.
18
Let s be ((-4)/(-5))/((-4)/(-70)). Let q be ((-14)/10)/(3*(-21)/1575). What is the greatest common divisor of q and s?
7
Let i = -394 - -654. Let a = i - 121. Suppose -8*g - a + 555 = 0. What is the greatest common factor of 13 and g?
13
Let t be 147*((-4)/(-84) + (-6)/(-21)). Let j(w) = 20*w**2 - 1. Let x be j(-2). Let o = x - t. Calculate the greatest common divisor of o and 20.
10
Let s(p) = 2*p**3 + 33*p**2 + 39*p + 7. Let q be s(-12). What is the highest common factor of 20 and q?
5
Suppose -22*w - 901 = 16*w - 5005. What is the highest common divisor of w and 2574?
18
Let g = -3483 + 3801. What is the highest common factor of 4346 and g?
106
Let b be 16/(-10) + 1 - 71009/85. Let g = 980 + b. Calculate the highest common divisor of 234 and g.
18
Let f(d) = 27*d**3 - 59*d**2 + 439*d - 41. Let l be f(8). What is the greatest common divisor of l and 22?
11
Let v(r) = -r**3 - 6*r**2 - 26*r - 86. Let q be v(-8). Calculate the greatest common divisor of q and 6.
2
Let q be (-19)/(95/(-40))*(-2 - -36). What is the highest common factor of 160 and q?
16
Let b(f) = f - 92. Let j be b(-25). Let v = 11 - j. What is the greatest common factor of v and 16?
16
Let n be -267*(69/(-46))/(3/2 + 0). Calculate the highest common divisor of n and 6.
3
Let g(x) = -291*x - 2916. Let j be g(-24). Calculate the highest common divisor of j and 27.
9
Suppose 434*f - 415*f - 779 = 0. Let o = 8 + -14. Let k be (-4)/o*(492 + 0). Calculate the highest common factor of k and f.
41
Suppose 0 = -2*u - 5*x + 3851, -3*x - 5829 = -3*u - 0*x. What is the greatest common factor of u and 510?
102
Suppose -5*y + 18 = -4*t, 20*t = 24*t - 2*y + 12. Let h be 15/6 + t/(-4). What is the greatest common factor of h and 1?
1
Let x = -47 - -175. Let u(b) = -b**3 + 2*b**2 - 1. Let p be u(-4). Suppose 0 = 5*w + 3*o + 2*o - p, 4*o - 12 = 0. What is the greatest common factor of w and x?
16
Let y be (16*1)/(50 - 49). Let k be (-4)/(-6)*(-3)/(-2). Let m(w) = 127*w + 1. Let j be m(k). What is the highest common divisor of j and y?
16
Let a(u) be the third derivative of u**5/30 - u**4/3 - 43*u**3/6 - 58*u**2. Let f be a(-6). What is the highest common divisor of f and 28?
7
Suppose -93*l = -18967 - 15257. What is the highest common divisor of l and 1012?
92
Let a(i) = 2*i**3 - 53*i**2 - 124*i - 497. Let r be a(29). Calculate the greatest common divisor of r and 8704.
16
Suppose x = -0*x + 11. Let n(v) = -v**2 + 8*v. Let f be n(7). Let a = x + f. What is the greatest common factor of 162 and a?
18
Let r be 28 - (224/28 - 890). Calculate the greatest common factor of r and 637.
91
Let k = 382 + -309. Let j = k + 102. Calculate the highest common divisor of 7 and j.
7
Let o = -25 + 60. Suppose z - 19 = o. Suppose -v = v - z. What is the greatest common divisor of 27 and v?
27
Let q = -249 + -37. Let r = q + 293. Let z(j) = 15*j + 4. Let g be z(3). What is the greatest common divisor of r and g?
7
Let c = -866 - -896. Calculate the highest common divisor of c and 6990.
30
Let y be -708*(35/42 + (186/36 - 7)). What is the greatest common factor of y and 48?
12
Suppose 27589 + 63293 = 198*t. What is the highest common factor of 36 and t?
9
Let a be 1 - (2 + 3) - -24. Suppose a = 5*u + 3*x - 132, 0 = u - 5*x - 8. Let y(o) = -o + 3. Let c be y(-4). What is the greatest common divisor of c and u?
7
Suppose 4*k + 17 = 2*d + 79, -5*k + 4*d = -70. Let y(f) = 3*f**2 + 17*f + 8. Let q = -11 - -4. Let u be y(q). What is the greatest common divisor of u and k?
18
Suppose 0 = -h - w + 539, -5*h - 384 = -w - 3109. Let j = h - 480. Calculate the greatest common divisor of 224 and j.
32
Let c be 116/14 + (-4)/14. Let g = -64 + 4. Let l be ((-6)/(-3 - -21))/(1/g). Calculate the highest common factor of l and c.
4
Let i(l) = 1166*l - 2378. Let z be i(11). What is the greatest common factor of 16 and z?
16
Let o be 27 - (4 + 2)/(-3). Let u = 327 - 303. Suppose u - o = -5*p. Calculate the highest common divisor of 9 and p.
1
Suppose 17*o = 88 + 150. Let t(k) = -5*k + 79. Let p be t(o). Let c(g) = g**2 - 2*g - 2. Let j be c(-2). Calculate the greatest common factor of j and p.
3
Let r(c) = c**3 + 45*c**2 - 100*c + 114. Let i be r(-47). Calculate the highest common divisor of 660 and i.
132
Let s = -302 - -321. Suppose 2*k = s + 53. Calculate the highest common divisor of 132 and k.
12
Suppose 0 = 9*f + 3*f - 7452. Suppose 11*j + f = -578. Let p = j - -173. Calculate the greatest common factor of p and 8.
8
Let p be 